{"id":1953,"date":"2021-08-10T22:28:51","date_gmt":"2021-08-10T22:28:51","guid":{"rendered":"https:\/\/quarty-demo.bslthemes.com\/?page_id=1953"},"modified":"2025-12-25T23:56:37","modified_gmt":"2025-12-25T20:56:37","slug":"about-us","status":"publish","type":"page","link":"https:\/\/simagroup.tr\/insaat\/about-us\/","title":{"rendered":"About Us"},"content":{"rendered":"\t\t<div data-elementor-type=\"wp-page\" data-elementor-id=\"1953\" class=\"elementor elementor-1953\" data-elementor-settings=\"{&quot;ha_cmc_init_switcher&quot;:&quot;no&quot;}\" data-elementor-post-type=\"page\">\n\t\t\t\t\t\t<section class=\"elementor-section elementor-top-section elementor-element elementor-element-09fb1b8 elementor-section-full_width elementor-section-height-default elementor-section-height-default\" data-id=\"09fb1b8\" data-element_type=\"section\" data-settings=\"{&quot;_ha_eqh_enable&quot;:false}\">\n\t\t\t\t\t\t<div class=\"elementor-container elementor-column-gap-no\">\n\t\t\t\t\t<div class=\"elementor-column elementor-col-100 elementor-top-column elementor-element elementor-element-a7ea650\" data-id=\"a7ea650\" data-element_type=\"column\">\n\t\t\t<div class=\"elementor-widget-wrap elementor-element-populated\">\n\t\t\t\t\t\t<div class=\"elementor-element elementor-element-0bf795e elementor-widget elementor-widget-quarty-banner\" data-id=\"0bf795e\" data-element_type=\"widget\" data-widget_type=\"quarty-banner.default\">\n\t\t\t\t<div class=\"elementor-widget-container\">\n\t\t\t\t\t\n\t\t<div class=\"row qrt-p-0-40\">\n          <div class=\"col-lg-12\">\n            <div class=\"qrt-page-cover\">\n                            <img decoding=\"async\" src=\"https:\/\/simagroup.tr\/insaat\/wp-content\/uploads\/2021\/03\/cover1.jpg\" alt=\"\" \/>\n                                                      <\/div>\n          <\/div>\n        <\/div>\n\n\t\t\t\t\t\t<\/div>\n\t\t\t\t<\/div>\n\t\t\t\t\t<\/div>\n\t\t<\/div>\n\t\t\t\t\t<\/div>\n\t\t<\/section>\n\t\t\t\t<section class=\"elementor-section elementor-top-section elementor-element elementor-element-b13de92 elementor-section-full_width elementor-section-height-default elementor-section-height-default\" data-id=\"b13de92\" data-element_type=\"section\" data-settings=\"{&quot;_ha_eqh_enable&quot;:false}\">\n\t\t\t\t\t\t<div class=\"elementor-container elementor-column-gap-no\">\n\t\t\t\t\t<div class=\"elementor-column elementor-col-100 elementor-top-column elementor-element elementor-element-2a40d7b\" data-id=\"2a40d7b\" data-element_type=\"column\">\n\t\t\t<div class=\"elementor-widget-wrap elementor-element-populated\">\n\t\t\t\t\t\t<div class=\"elementor-element elementor-element-5831ef8 elementor-widget elementor-widget-quarty-about-us\" data-id=\"5831ef8\" data-element_type=\"widget\" data-widget_type=\"quarty-about-us.default\">\n\t\t\t\t<div class=\"elementor-widget-container\">\n\t\t\t\t\t\n\t\t<div class=\"qrt-section\">\n\t\t\t<div class=\"row\">\n\t          \t          <div class=\"col-lg-4\">\n\t            <h3 class=\"qrt-section-title\">\n\t            \t<span >\n\t          \t\t\tKalite Politikam\u0131z\t         \t\t<\/span>\n\t            <\/h3>\n\t          <\/div>\n\t          \t          \t          <div class=\"col-lg-8 qrt-section-description\">\n\t            \t<div >\n\t          \t\t\t<p>* Sekt\u00f6rdeki teknolojik yenilikleri takip ederek, y\u00f6netim kadromuz ve e\u011fitimli personelimizle, m\u00fc\u015fterilerimizin ihtiya\u00e7 ve beklentilerini y\u00f6netim sistemi \u015fartlar\u0131na uygun olarak kar\u015f\u0131layaca\u011f\u0131m\u0131z\u0131<br \/><br \/>* S\u00fcrekli geli\u015fme felsefesini t\u00fcm s\u00fcre\u00e7lerde Y\u00f6netim Sistemi\u2019ne uygun hale getirece\u011fimizi, t\u00fcm personele \u00f6z\u00fcmsetece\u011fimizi ve bu do\u011frultuda karl\u0131l\u0131\u011f\u0131 ve rekabet g\u00fcc\u00fcn\u00fc artt\u0131raca\u011f\u0131m\u0131z\u0131,<br \/><br \/>* Y\u00f6netim sistemimizi , s\u00fcrekli geli\u015ftirece\u011fimizi ve iyile\u015ftirece\u011fimizi,<\/p><p>* Tabi oldu\u011fumuz yasal \u015fartlar, standartlar ve uygunluk y\u00fck\u00fcml\u00fcl\u00fcklerimize, y\u00fcr\u00fcrl\u00fckteki \u00c7evre ve \u0130SG mevzuatlar\u0131na uyaca\u011f\u0131m\u0131z\u0131<\/p><p>* Firma olarak t\u00fcm faaliyetlerimiz ile ekolojik dengeye zarar vermeyece\u011fimizi,<\/p><p>* At\u0131klar\u0131n kayna\u011f\u0131nda en aza indirilmesi, m\u00fcmk\u00fcn oldu\u011funda yeniden kullan\u0131lmas\u0131 ve geri d\u00f6n\u00fc\u015ft\u00fcr\u00fclmesi, de\u011ferlendirilemeyen at\u0131klar\u0131n uygun y\u00f6ntemlerle bertaraf edilmesini sa\u011flayaca\u011f\u0131m\u0131z\u0131,<\/p><p>* Enerji, hammadde ve do\u011fal kaynaklar\u0131n verimli kullan\u0131lmas\u0131n\u0131 sa\u011flayaca\u011f\u0131m\u0131z\u0131<\/p><p>* \u00c7al\u0131\u015fanlar\u0131m\u0131z\u0131n ve faaliyetlerimizden etkilenecek insanlar\u0131n sa\u011fl\u0131\u011f\u0131na gelebilecek olumsuz etkileri \u00f6nlemek, kendimizin ve di\u011fer \u015fah\u0131slar\u0131n m\u00fclkiyetine gelebilecek kaza, hasar ve tehlikeleri daha ba\u015flang\u0131\u00e7 a\u015famas\u0131nda kontrol etmek i\u00e7in gerekli her t\u00fcrl\u00fc korumay\u0131 sa\u011flayaca\u011f\u0131m\u0131z\u0131,<\/p><p>* Bu do\u011frultuda \u00e7al\u0131\u015fanlar\u0131m\u0131z\u0131n \u00e7evre ve i\u015f sa\u011fl\u0131\u011f\u0131 g\u00fcvenli\u011fi bilincini geli\u015ftirece\u011fimizi<\/p><p>* \u0130\u015f sa\u011fl\u0131\u011f\u0131 ve g\u00fcvenli\u011fi ile ilgili tehlikeleri de ayn\u0131 hassasiyetle izleyece\u011fimizi, bunlar\u0131 en aza indirmek i\u00e7in gerekli \u00e7abay\u0131 g\u00f6sterece\u011fimizi,<\/p><p><strong>TAAHH\u00dcT EDER\u0130Z\u2026<\/strong><\/p>\t         \t\t<\/div>\n\t          <\/div>\n\t          \t        <\/div>\n\t    <\/div>\n\n\t\t\t\t\t\t<\/div>\n\t\t\t\t<\/div>\n\t\t\t\t\t<\/div>\n\t\t<\/div>\n\t\t\t\t\t<\/div>\n\t\t<\/section>\n\t\t\t\t<\/div>\n\t\t","protected":false},"excerpt":{"rendered":"<p>Kalite Politikam\u0131z * Sekt\u00f6rdeki teknolojik yenilikleri takip ederek, y\u00f6netim kadromuz ve e\u011fitimli personelimizle, m\u00fc\u015fterilerimizin ihtiya\u00e7 ve beklentilerini y\u00f6netim sistemi \u015fartlar\u0131na&#8230; <span class=\"qrt-el-more\"><a href=\"https:\/\/simagroup.tr\/insaat\/about-us\/\" class=\"qrt-link qrt-color-link qrt-cursor-scale qrt-w-chevron\">Read more<\/a><\/span><\/p>\n","protected":false},"author":1,"featured_media":0,"parent":0,"menu_order":0,"comment_status":"closed","ping_status":"closed","template":"template-layout-builder.php","meta":{"_acf_changed":false,"footnotes":""},"class_list":["post-1953","page","type-page","status-publish","hentry"],"acf":[],"_links":{"self":[{"href":"https:\/\/simagroup.tr\/insaat\/wp-json\/wp\/v2\/pages\/1953","targetHints":{"allow":["GET"]}}],"collection":[{"href":"https:\/\/simagroup.tr\/insaat\/wp-json\/wp\/v2\/pages"}],"about":[{"href":"https:\/\/simagroup.tr\/insaat\/wp-json\/wp\/v2\/types\/page"}],"author":[{"embeddable":true,"href":"https:\/\/simagroup.tr\/insaat\/wp-json\/wp\/v2\/users\/1"}],"replies":[{"embeddable":true,"href":"https:\/\/simagroup.tr\/insaat\/wp-json\/wp\/v2\/comments?post=1953"}],"version-history":[{"count":4,"href":"https:\/\/simagroup.tr\/insaat\/wp-json\/wp\/v2\/pages\/1953\/revisions"}],"predecessor-version":[{"id":2206,"href":"https:\/\/simagroup.tr\/insaat\/wp-json\/wp\/v2\/pages\/1953\/revisions\/2206"}],"wp:attachment":[{"href":"https:\/\/simagroup.tr\/insaat\/wp-json\/wp\/v2\/media?parent=1953"}],"curies":[{"name":"wp","href":"https:\/\/api.w.org\/{rel}","templated":true}]}}